- 339?
-342
In base 3, what is 210 + 100?
1010
In base 4, what is 10 + 1033?
1103
In base 3, what is 2000 - -101?
2101
In base 7, what is 5 - -1413?
1421
In base 14, what is 62 + -6?
5a
In base 16, what is -15c - 1?
-15d
In base 5, what is -130 + -41?
-221
In base 6, what is -2523 + -4?
-2531
In base 13, what is -68 - -3?
-65
In base 14, what is 7 - 4?
3
In base 5, what is 4423 - 10?
4413
In base 9, what is -425 - -5?
-420
In base 16, what is -1 - 1?
-2
In base 14, what is -36a1 - 3?
-36a4
In base 5, what is -224 - 10?
-234
In base 7, what is -51 - 3?
-54
In base 10, what is -12 + -53?
-65
In base 5, what is -12 + -4440?
-10002
In base 3, what is 102222 - 2?
102220
In base 8, what is 637 - -3?
642
In base 2, what is -1110 + 101110111?
101101001
In base 7, what is 200 - -5?
205
In base 12, what is 1632 - 4?
162a
In base 13, what is b3 - -4?
b7
In base 10, what is 3 - 79?
-76
In base 13, what is 40 - -1?
41
In base 16, what is 62 - 49?
19
In base 6, what is -50 - -5?
-41
In base 9, what is 268 + 26?
305
In base 8, what is 5 - 33?
-26
In base 4, what is 201 + 102?
303
In base 5, what is -213 + 4?
-204
In base 11, what is -6 + 20?
15
In base 4, what is 0 - -23?
23
In base 11, what is -5 - 378a?
-3794
In base 5, what is 223341 - -10?
223401
In base 9, what is -46 + -7?
-54
In base 13, what is -c + -1?
-10
In base 6, what is -202 - 21?
-223
In base 10, what is -13 + 959?
946
In base 12, what is 4b + 6?
55
In base 12, what is -16a2 - -1?
-16a1
In base 3, what is -2010 - 2112?
-11122
In base 11, what is -731 + 6?
-726
In base 9, what is 1632 - 2?
1630
In base 11, what is -1 + 8?
7
In base 11, what is 26 - 34?
-9
In base 12, what is 686b - 5?
6866
In base 12, what is 1 - -443?
444
In base 11, what is 7 + -15?
-9
In base 15, what is 5eb - -1?
5ec
In base 7, what is -15 - -23?
5
In base 15, what is -2 - 2d?
-30
In base 12, what is -1 - b41?
-b42
In base 4, what is -10 - -132303?
132233
In base 6, what is 0 - -220?
220
In base 9, what is 3 + -3483?
-3480
In base 8, what is -1276 - 12?
-1310
In base 15, what is -39 - 3?
-3c
In base 15, what is -43 - 24?
-67
In base 7, what is -2 + 40?
35
In base 15, what is -1 - -32?
31
In base 4, what is 1 - -2022?
2023
In base 12, what is 2 - -2?
4
In base 16, what is -10 - -3e?
2e
In base 10, what is -38 + -61?
-99
In base 6, what is 1 - 1423?
-1422
In base 6, what is -2303 - -4?
-2255
In base 2, what is 1100010 - -1110?
1110000
In base 10, what is -1 - 138?
-139
In base 2, what is 11111 + 11101?
111100
In base 9, what is 14 - -218?
233
In base 7, what is 6021 - -5?
6026
In base 11, what is 109 - 0?
109
In base 4, what is 3223 - -1022?
10311
In base 13, what is 115a - 9?
1151
In base 12, what is -b68 - -1?
-b67
In base 11, what is 89 - -7?
95
In base 10, what is -364 + 1?
-363
In base 12, what is -3 - -1b?
18
In base 4, what is 11 - -100312?
100323
In base 11, what is 5 - -40?
45
In base 3, what is 112 + 1011210?
1012022
In base 11, what is 30 - -92?
112
In base 16, what is -1 + 9c4?
9c3
In base 16, what is 8 + 37?
3f
In base 13, what is -88 + 2?
-86
In base 7, what is -151 - -5?
-143
In base 13, what is -2 + 42?
40
In base 15, what is -8 + -28?
-31
In base 16, what is -5 - -138e?
1389
In base 12, what is 140 + -1b?
121
In base 3, what is -12 + -2?
-21
In base 12, what is -1a69 + -4?
-1a71
In base 8, what is -33 + -2?
-35
In base 8, what is 53 - -2?
55
In base 4, what is -1 - -320?
313
In base 3, what is -1201 - 0?
-1201
In base 12, what is -632 + 0?
-632
In base 16, what is 254 + -4?
250
In base 5, what is 10 + 11430?
11440
In base 4, what is 10 - 2330?
-2320
In base 13, what is -12 + 8?
-7
In base 7, what is 30 + -63?
-33
In base 15, what is -2b - -14?
-17
In base 9, what is -3 - 4261?
-4264
In base 16, what is 8 + -2e?
-26
In base 15, what is -24 - -7?
-1c
In base 6, what is 0 - -22?
22
In base 13, what is -1b77 - 1?
-1b78
In base 10, what is -199 - 7?
-206
In base 8, what is -1314 - 1?
-1315
In base 6, what is -513 - 10?
-523
In base 3, what is -11 + -220102?
-220120
In base 5, what is -1 - -2140?
2134
In base 10, what is -9 - -24?
15
In base 4, what is 33 - 100?
-1
In base 11, what is -1132 + 4?
-1129
In base 10, what is -3 - 7?
-10
In base 11, what is 11 - -38?
49
In base 7, what is 11 + 444?
455
In base 13, what is -2 + 267?
265
In base 3, what is 10 + -221100?
-221020
In base 11, what is 110 - -18?
128
In base 9, what is -2 - -24?
22
In base 10, what is 33 - 17?
16
In base 5, what is 1033 + -130?
403
In base 7, what is -4 + -20?
-24
In base 14, what is ab3 + 3?
ab6
In base 5, what is -21134 + -3?
-21142
In base 16, what is -27 + -7?
-2e
In base 9, what is -2 + 66?
64
In base 8, what is 2 - 7?
-5
In base 11, what is 12a5 - -5?
12aa
In base 7, what is 411 + -65?
313
In base 16, what is 3a9 - -1?
3aa
In base 7, what is -2545 - -10?
-2535
In base 16, what is 293 - -4?
297
In base 15, what is -219 + 11?
-208
In base 13, what is -4 + 3a2?
39b
In base 14, what is 4 + -4b?
-47
In base 15, what is -2 + -d?
-10
In base 13, what is -9 - -16?
a
In base 4, what is -233302 + 10?
-233232
In base 9, what is -1482 - -2?
-1480
In base 12, what is 97 - -a?
a5
In base 9, what is 12 - 5?
6
In base 3, what is 2 - -100211?
100220
In base 5, what is 201 + -21?
130
In base 9, what is -7177 + 1?
-7176
In base 2, what is 111 - 100101?
-11110
In base 3, what is 1 - -21002?
21010
In base 16, what is 1f + -3?
1c
In base 13, what is 0 + -4ba?
-4ba
In base 6, what is -11 - 23?
-34
In base 16, what is 19 - 1b8?
-19f
In base 8, what is -72 + -44?
-136
In base 6, what is 210 + -2?
204
In base 15, what is -3 + -5b?
-5e
In base 6, what is -3 + 45?
42
In base 14, what is -2 - -259?
257
In base 10, what is -1118 + -4?
-1122
In base 3, what is 12001 + 21?
12022
In base 4, what is 1 - -22333?
23000
In base 8, what is -4 + -13766?
-13772
In base 6, what is 3 + -10?
-3
In base 9, what is -36 + -275?
-322
In base 2, what is 10000 + -1011110110?
-1011100110
In base 15, what is 5 + 1be?
1c4
In base 16, what is eee + 4?
ef2
In base 5, what is -22 - 234?
-311
In base 15, what is 6 + a9?
b0
In base 14, what is 62 - -1?
63
In base 12, what is -1296 - 3?
-1299
In base 9, what is 16857 + -1?
16856
In base 13, what is -1 - -6?
5
In base 13, what is 4740 - -5?
4745
In base 16, what is -1 + -7a2?
-7a3
In base 13, what is -2 + 46?
44
In base 12, what is 7 - 40?
-35
In base 11, what is 3 - -309?
311
In base 7, what is -266 + 0?
-266
In base 5, what is 3 - 110412?
-110404
In base 8, what is -2147 + 2?
-2145
In base 12, what is -232 + 5?
-229
In base 6, what is -113 - 103?
-220
In base 6, what is -402513 + 0?
-402513
In base 13, what is 43 + 5a?
a0
In base 10, what is -842 + 8?
-834
In base 11, what is 1 + 908?
909
In base 3, what is -2 + 2022?
2020
In base 14, what is 21 + -36?
-15
In base 15, what is 6 + d?
14
In base 15, what is 35 + 3?
38
In base 11, what is -122 + 30?
-a2
In base 15, what is -9b + b?
-90
In base 7, what is -1 - 20640?
-20641
In base 13, what is 7 + 82?
89
In base 16, what is 7c - 14?
68
In base 10, what is -955 + -3?
-958
In base 2, what is 1010110 + 1001?
1011111
In base 6, what is -21 + 531?
510
In base 11, what is 2 + 94?
96
In base 8, what is -10 + -76?
-106
In base 15, what is 260 - 3?
25c
In base 8, what is -770 - 4?
-774
In base 8, what is -3 - 233?
-236
In base 6, what is -510 + 3?
-503
In base 11, what is -247 - 0?
-247
In base 7, what is -3 - -124?
121
In base 14, what is 8 - 3?
5
In base 9, what is 6720 - 2?
6717
In base 2, what is 1111000 + 11100?
10010100
In base 6, what is -43210 - 2?
-43212
In base 13, what is -406 - -5?
-401
In base 2, what is 1 + 10001011?
10001100
In base 5, what is -341 - -124?
-212
In base 5, what is 222 + 3?
230
In base 15, what is c - 21?
-14
In base 15, what is -7 - -1b8?
1b1
In base 3, what is -112 + -10010?
-10122
In base 9, what is -1716 + -2?
-1718
In base 8, what is -41 + 16?
-23
In base 5, what is 2 + -2230?
-2223
In base 7, what is -205 + 3?
-202
In base 12, what is -235 - -7?
-22a
In base 9, what is 134 - -2?
136
In base 13, what is -3 - 5?
-8
In base 12, what is -170 - -b?
-161
In base 15, what is -19e - 3?
-1a2
In base 7, what is 6 + -32?
-23
In base 4, what is 13 - -11022?
11101
In base 16, what is 1 - -e28?
e29
In base 8, what is -134 - 34?
-170
In base 9, what is -27 - -82?
54
In base 10, wh